sands digit of a?
1
What is the ten thousands digit of ((-392874)/(-18) - -3) + 10/6 + -2?
2
Suppose 13 - 6 = 7*l. Suppose -2*q = 3 - l, -u + 5*q = -197. What is the tens digit of u?
9
Suppose 0 = 14*h - 65*h + 804729. What is the tens digit of h?
7
Suppose 2*w - 4 = -3*x + 10, w - 16 = 3*x. Suppose -5 = 2*j - 3*q - 0, -w = -4*j + 2*q. Suppose 0 = b + j*b - 156. What is the units digit of b?
6
Let v = 1063 + -1067. Let o(q) = -70*q - 24. What is the tens digit of o(v)?
5
Let i(x) = -30*x - 3322. Let w be i(-111). Let o(m) = 12 + 10*m**2 - 3*m**3 + 5*m + 2*m**3 - 46. What is the units digit of o(w)?
4
Suppose 15*p - 5*p - 30 = 0. Let m(s) = 8*s**2 + 7*s - 34. What is the tens digit of m(p)?
5
Let t(b) = b**3 - b**2 - 101*b + 32450. What is the units digit of t(0)?
0
Suppose 4 = a + a. Suppose a*q + 366 = -4*q. Let h = q - -192. What is the hundreds digit of h?
1
Suppose 14*l = 45263 + 2659. What is the hundreds digit of l?
4
Let j(u) = 5*u**2 - 61*u + 67. Let s be j(11). Let l(x) = 325*x**3 - 2*x**2 - 3*x + 6. What is the hundreds digit of l(s)?
3
Let x = -19162 - -59458. What is the ten thousands digit of x?
4
Suppose 6*m + 18 = 24. Suppose 0 = l + b + 49, 46 = -l - 3*b + m. Let g = l + 117. What is the tens digit of g?
6
Let n = 9595 - 5602. What is the hundreds digit of n?
9
Suppose 2*q = 2 + 2. Suppose -5*k = -6*k + 5. Suppose 2*w + 2*w + 16 = 0, q*t - k*w - 168 = 0. What is the tens digit of t?
7
Let m be -1 + -1 + 79 + -67. Suppose -12*j = -m*j - 5*a - 1243, -4*j - a + 2475 = 0. What is the units digit of j?
9
Let h be (4*15)/(-5)*(-606)/12. Let f = h - -116. What is the tens digit of f?
2
Let t(d) = d**2 + 2*d + 14. Let m = -48 + 48. Let o be 13 + m + 0 - 1*4. What is the hundreds digit of t(o)?
1
Let r(n) = n**3 + 7*n**2 + n - 2. Let w be r(-7). Let i be ((-2)/(-8))/(w/(-72)). What is the tens digit of i/(-12) + 674/12?
5
Let n be ((-64)/10)/((34/20)/(-17)). Suppose -3*s - f + 116 = -n, 4*f = -2*s + 130. What is the tens digit of s?
5
Let j be 4 - (-4 - 36/(-6)). Suppose -2*g - j*z + 1088 = 0, 0 = -0*g + 3*g - 5*z - 1600. What is the hundreds digit of g?
5
Let r(g) = -g**3 - 2*g**2 + 8*g - 3. Let o be r(3). Let u be 199/6 - (20/o + 1). Suppose -405 = -u*b + 28*b. What is the tens digit of b?
8
Suppose 5*h + 0 + 2 = -4*q, -2*q - 6 = 0. Suppose -4*s + 0*i = -h*i - 464, -20 = 5*i. What is the hundreds digit of s?
1
Let j(l) = -l**3 - 14*l**2 - 11*l + 10. Let v be j(-13). Let c(z) = -z**3 - 15*z**2 + 12*z + 11. Let y be c(v). Let x = 108 - y. What is the units digit of x?
3
Let a be 1*(4 + 98595/7). Suppose a + 167 = 22*i. What is the tens digit of i?
4
What is the thousands digit of ((-33)/((-891)/(-135)))/(10/(-6268) - 0)?
3
Suppose 15 - 35 = -4*d. Let l(s) = s + 1. Let r be l(d). Suppose -3*i + 84 = r. What is the units digit of i?
6
Suppose 145*a - 56*a - 9187710 = -121*a. What is the units digit of a?
1
Let j = 9665 - 5826. Suppose -2*y + 1537 = -3*x, j = 5*y - 38*x + 34*x. What is the units digit of y?
7
Suppose -3*t = 2*u - 4*t - 11, -1 = -4*u - 5*t. Suppose 86 = i + u*z - 6*z, 0 = 3*i - 2*z - 262. Let d = i + 40. What is the units digit of d?
8
Let a be 1/((-4)/(-32))*(-10)/(-4). Suppose -5*w - a = -60. What is the units digit of ((-404)/w)/((-3)/(-6) + -1)?
1
Let b(d) = 64*d**2 - 261*d + 46. What is the units digit of b(-17)?
9
Let s = 49 + -47. Suppose -5*v = a - 152, 0*a + s = a. Let x = v + -4. What is the units digit of x?
6
What is the units digit of (-65)/(-390) - (-61013)/6?
9
Let n(j) = -7*j**2 + 42*j - 6. Let i be n(6). What is the units digit of (76/12 + i)*3?
1
Let z = 144 + -151. What is the units digit of z/(-1) - -55*11?
2
Let g(a) = 29*a + 234. Let l be g(-8). Suppose -l*u = -4*v + 2004, -3*u = -5*v + 10*v - 2505. What is the units digit of v?
1
Suppose 4*q + 2*p - 24212 = 0, 10196 + 1902 = 2*q - p. What is the units digit of q?
1
Let y = 1888 + -908. Suppose -3*g + 38 = -19. Suppose -23*w + y = -g*w. What is the tens digit of w?
4
What is the tens digit of 16890/((-2)/(-1)) - (16 - (-12 + 28))?
4
Suppose 15*d = 10*d + 270. Suppose d*s - 55*s - 8632 = 0. What is the hundreds digit of ((-3)/(-4))/((-39)/s)?
1
Suppose -78822 = -3*x + 3*u, u = 2337*x - 2333*x - 105108. What is the thousands digit of x?
6
What is the hundreds digit of 48/(-160)*271790/(-3)?
1
Suppose 0 = -3502*m + 3470*m + 218208. What is the hundreds digit of m?
8
Let k be (4/8)/(5 + 28254/(-5652)). Let o = 532 - k. What is the units digit of o?
1
Let d = -28198 - -43972. What is the tens digit of d?
7
Let m(s) = -13*s + 182. Let z be m(9). What is the hundreds digit of (431/(-5))/(-9 - (-572)/z)?
4
Let l(s) = -68*s**3 - 5*s**2 - 10*s. What is the units digit of l(-6)?
8
Let q(v) = v**3 + 3*v**2 + 10. Let j(w) = -2*w**3 - 7*w**2 - 19. Let r(m) = 2*j(m) + 5*q(m). Let o be r(0). What is the tens digit of (3 - 68/o)/((-2)/33)?
4
Let p(u) = 1582*u + 1789. What is the units digit of p(14)?
7
Suppose 19*n - 437054 = -114282. Suppose n = 9*q + 1670. What is the thousands digit of q?
1
Let t(w) = 3*w**2 + 6*w + 17. Let s = 22 + -20. Suppose -3*y - s*y - 25 = 0. What is the units digit of t(y)?
2
What is the ten thousands digit of -7*(-4)/14*-31009*1/(-2)?
3
Suppose -11*s + 9983 - 1458 = 0. Suppose -6*z + s = -z. What is the units digit of z?
5
Let o(z) = 22*z**3 + 3*z**2 + 71*z - 427. What is the hundreds digit of o(5)?
7
Let x(r) = -r**3 - 6*r**2 + 7*r + 2. Let i be x(-7). Let p(b) be the second derivative of 2*b**4/3 + b**3/6 + 3*b**2/2 - 21*b. What is the tens digit of p(i)?
3
What is the units digit of ((-221)/(-51) + -6)*-27402?
0
Suppose -2*l = -20*l + 165615 + 40233. What is the tens digit of l?
3
What is the units digit of (-1)/5*5 + 664 + 0?
3
Suppose 151*z - 147*z + 4192 = 0. Let w = z - -1488. What is the hundreds digit of w?
4
Suppose s + 0*y = -2*y, -4*s - 18 = 2*y. Let r be 36/s - (-1 + -2 + 2). Let z(w) = -12*w - 22. What is the units digit of z(r)?
8
Suppose c - 5*j = 1 + 1, j = c - 14. Suppose -100 = c*m - 21*m. Suppose -13 = -f + m. What is the tens digit of f?
3
Let p(b) be the second derivative of b**5/5 - 5*b**4/12 - 11*b**3/3 + 34*b**2 - 78*b - 2. What is the thousands digit of p(8)?
1
Let m = 20777 + -15664. What is the hundreds digit of m?
1
Let p(v) = 7*v**2 + 7*v - 37. Let k(w) = -3*w**2 - 2*w + 18. Let t(f) = 13*k(f) + 6*p(f). What is the tens digit of t(-6)?
2
Let i(x) = -11 - 668*x - 8 - 7 + 732*x + 378*x. What is the hundreds digit of i(2)?
8
Let d(n) = -33*n**2 + 17*n - 121. Let u be d(7). Let c = u + 2515. What is the units digit of c?
6
Suppose 0 = -3*j + 15, -9437 + 354 = -3*s + 2*j. Let c = s - 1911. What is the thousands digit of c?
1
Suppose 456*v = -460*v + 937*v - 69951. What is the thousands digit of v?
3
Let z be (-15)/2*(-228)/(-285). What is the units digit of ((-2)/z)/((10/84)/5)?
4
Suppose 6*c = -383 + 449. Let j(w) = -w**2 + w + 106. Let d be j(0). Let b = c + d. What is the tens digit of b?
1
Let k(t) be the third derivative of -17*t**4/12 - 67*t**3/3 - 21*t**2. What is the units digit of k(-9)?
2
Let b(d) = -d**2 + 6*d - 3. Let o be b(5). Let g(s) = 394*s + 3298. Let m be g(-8). Suppose 2*t + 181 = 5*t - 5*j, 3*j - m = -o*t. What is the units digit of t?
7
Let u = 279 + -270. Suppose -4*v + 1932 = 5*m, 2*v + u*m = 5*m + 960. What is the hundreds digit of v?
4
Suppose -4*b = -5*s - 20, 2*s + 3*b = 8*b - 25. Suppose s = 16*w - 2294 - 4218. What is the hundreds digit of w?
4
What is the hundreds digit of 26853/15 - 32/160?
7
Let i(h) = h**2 - 16*h - 2. Let g be i(15). Let y(r) = -r**3 - 14*r**2 + 9*r + 34. What is the units digit of y(g)?
8
Let s(f) = -2*f**2 + 40*f + 99. Let t be s(32). Let m = t - -673. What is the units digit of m?
4
Suppose -4*p + 20618 = -22*f + 19*f, -3*f - 6 = 0. What is the hundreds digit of p?
1
Let i = 4780 + 22851. What is the hundreds digit of i?
6
Let q = 14960 + -11954. What is the units digit of q?
6
Let r = 10281 + -8540. What is the units digit of r?
1
Suppose -4*n = -12*n. What is the hundreds digit of -2*(-137 - n/(6 + -4))?
2
Suppose 25*d - 33*d + 912 = 0. Suppose 3*i - 1113 = d. What is the hundreds digit of i?
4
Let b = -25477 - -66693. What is the thousands digit of b?
1
Let a(t) = 6*t**3 + 4*t - 4. Let s be a(4). Let v = s + -118. What is the tens digit of v?
7
Let b be (